7 - -9)?
-7
Evaluate -8 + (-13 - -11 - (11 + -13)).
-8
Calculate (1 - 0) + (-385 - -394).
10
Evaluate (3 - 0) + 4 + -2 + (15 - 10).
10
Evaluate (-48 - -69) + -11 + (1 - 6).
5
Calculate 9 - (6 + 1) - 7 - (14 + -5).
-14
-3 + -5 + (-10 - -17)
-1
What is the value of (30 - 65 - -6) + -8?
-37
1 + 7 + -6 + (1 - (0 - -9))
-6
-15 - (12 - (15 - -10)) - 4
-6
What is (4 - (13 - 4)) + 3 + -7?
-9
Evaluate (-24 + 32 - (-12 - 2)) + -14 + 9.
17
Calculate 134 + -119 + (5 - 3).
17
What is (-1 + (10 - 12) - -5) + -7?
-5
What is the value of (8 - 7) + (-6 - 3) + 20?
12
-1 - -2 - -2 - (-5 + -23 + 46)
-15
Calculate 7 + -19 + -1 + 17.
4
(-1 - -25) + 62 + -71
15
What is 20 - -30 - 56 - (-1 + 17)?
-22
Calculate 15 + ((10 - 32) + 12 + 10 - 10).
5
Evaluate 25 + -24 - (15 - 23).
9
-8 + (7 + 1 - (-85 + 101))
-16
Evaluate -4 + (-3 - ((-7 - 1) + -41 + 50)).
-8
What is -2 + (27 - 37) + -2 + -1 + -3?
-18
What is -24 + 17 - (-9 - 1) - 3?
0
What is the value of -34 + 14 - ((-3 - -2) + (-7 - -4))?
-16
Calculate -1 + 5 + 8 + 7 + -12.
7
What is 7 + 2 + (44 - 46)?
7
What is 14 + 9 + -27 + -16?
-20
Evaluate 4 + -14 - (6 + -16 + 10 + -5).
-5
11 + -1 + (17 + -10 + 5 - 7)
15
13 + (-7 - (-30 + 31))
5
Evaluate -16 + (-3 - -1) - (-4 - (48 + -44)).
-10
What is 10 + 19 + -3 - (-2 - -5 - -5)?
18
What is the value of (13 - (11 - -10)) + 4?
-4
Calculate 14 - (1 - -23) - 11.
-21
Evaluate -35 + 32 - (-3 - 5 - -1) - -13.
17
What is 4 + 4 + -2 + 0 + -21?
-15
9 + -4 + 13 + (-3 + -5 - 1)
9
Calculate -59 - (-77 - -25) - (0 + (6 - 0)).
-13
What is the value of (-13 + 15 - 6) + 5 + -2?
-1
Evaluate 5 + -1 + 1 + (4 - 36) + 5.
-22
(-23 - -4 - -42) + -4
19
What is (33 + -28 - (3 - -1)) + 2?
3
84 + -95 + -2 + 6
-7
Calculate -6 + (8 - 4 - (3 + 8)) - 0.
-13
What is the value of 211 - 213 - (-1 + -16)?
15
48 + (13 + 8 - 48)
21
What is -13 + (3 - -2 - 3) + (3 - 9)?
-17
Evaluate -5 - (-7 - (-16 - -7)) - -2.
-5
(-25 - (10 + -27)) + -10
-18
What is (8 - 2) + (2 - 17 - -16)?
7
What is the value of -135 + 150 + (0 - 17)?
-2
-13 - (32 + (-35 - 8))
-2
What is -14 - (-5 - -4) - -3 - 0?
-10
Evaluate 10 + 46 + -51 + 10 + 0.
15
Evaluate 19 + -2 - (441 - 409).
-15
((4 - 9) + -1 - -7) + -1 + 16
16
What is 13 - -1 - (-4 - -11) - 3 - -1?
5
What is the value of 5 - (-1 + 0) - (29 - 5 - -6)?
-24
Evaluate (-20 - (-2 - 2)) + (8 - -1).
-7
Evaluate -13 + (-10 - -4) - (20 - 47).
8
Evaluate 1 + 4 - (1 - (-3 - -1)).
2
What is -1 + 1 + 11 - (42 - (-46 + 75))?
-2
What is (15 - 21) + 19 + 4 + 2?
19
(6 - -5) + -53 + 36 - 6
-12
Calculate (-24 + -6 - -6) + 13 + -16.
-27
Evaluate (13 + -2 - 10) + (-10 - (-23 + 10)).
4
What is the value of -13 + 2 - (4 + (-62 - -26))?
21
What is 4 + (1 + -7 - (-42 + 36))?
4
(1 - -1) + 5 + 1 + (2 - 8)
2
Evaluate 23 - 42 - ((10 - 12) + 2).
-19
(-5 - (-4 - 25)) + -10
14
What is the value of 7 - (-7 + 1 + 49 + -46)?
10
What is the value of (3 - -1 - (-76 + 71)) + -12?
-3
0 + 8 - (-32 + (3 - -29))
8
What is 1 + 9 - (-18 + (-17 - -21 - -9))?
15
Evaluate 344 + -331 - (-3 + 4 + (1 - 1)).
12
What is the value of -19 - (-27 + (-10 - -32))?
-14
What is the value of 55 + -55 - (0 - (8 + -3))?
5
(-8 + 1 - ((-6 - -5) + 0)) + -5
-11
(7 - (-21 + 14)) + -12
2
1 + -7 + 6 - (11 - (-6 - -5))
-12
What is the value of -12 - (0 - -11 - (7 - 16))?
-32
-9 + -2 + 3 + (-44 - -45)
-7
Evaluate 93 - 94 - (-13 + -1 + -1).
14
Evaluate 1 - -18 - (102 + -101).
18
What is the value of -3 - 6 - (56 + -31) - (-24 + 15)?
-25
What is the value of (16 - 50) + 22 + 3 + 0?
-9
-1 + -1 - (9 + -10 + (9 - 5))
-5
Evaluate 6 + (-27 - -36) + -4 + 3.
14
Evaluate 1 - -5 - (-2 - 1).
9
Calculate -3 - 1 - (3 + -20).
13
What is the value of (-35 - -28 - -1) + (0 + -14 - -1)?
-19
What is -22 + 28 + -2 - (-2 + 1 - 5)?
10
Calculate -37 + 47 + -16 + 0 + 3.
-3
Calculate -12 - -17 - -17 - 17.
5
Evaluate -13 + (5 - (-13 - -9)) - 1.
-5
-98 + 86 + (8 - -5) + 1 + -5
-3
What is the value of -61 + 63 + -4 + 14?
12
Evaluate -9 - (86 - 98 - (1 - 11)).
-7
Evaluate (-34 - -51) + (-4 - -1).
14
What is -16 - (5 - 3) - (6 + 3 + -15)?
-12
Calculate -10 + -4 - (20 - 30 - -9).
-13
Calculate -8 + 2 + -389 + 372.
-23
What is -17 - ((-13 - -17) + -2)?
-19
What is -7 + -39 + 64 - (9 - 1)?
10
What is 43 + (6 - 1 - (-35 - (15 - 61)))?
37
-6 - (30 + -9 + -46)
19
1 + 0 + 4 + -5 + -9 + 3
-6
Evaluate -4 - (-32 - -24) - (1 - (2 - 0)).
5
3 - 48 - (-39 + 36 + -11)
-31
What is the value of -11 + 4 + (1 - -1) + -1 + -6?
-12
Evaluate -3 + 6 + -5 + 3 + -13.
-12
Calculate 5 - (-1 + 6 + -13 + -2).
15
What is the value of -1 + (-61 - -34 - -53)?
25
-20 - (-6 + (8 - 15))
-7
What is the value of 15 - (2 + (40 - 48 - (-4 - -2)))?
19
What is -7 - (0 + 1 + (2 - (16 + -5)))?
1
Calculate 6 + -9 + 3 - (-89 + 95).
-6
What is the value of -33 + 15 + 31 + -2 + 4 + -3?
12
-10 - -10 - (-1 - 4) - (-35 + 22)
18
-10 + -2 - (73 - 70) - (3 + -1)
-17
-25 + (28 - 15) - -26
14
Calculate -10 - -3 - (-9 + -2 + 4).
0
What is the value of -8 + (-2 - (-2 - -9) - (174 - 184))?
-7
What is the value of -9 + -9 + 15 + (-1 - 0) + -13?
-17
Calculate -12 + 1 + 8 + 1.
-2
(-413 - -408) + 7 + -1 + 0 + -1
0
-1920 - -1929 - (0 + -1 - (0 - 7))
3
What is the value of 75 - 60 - (6 + 3)?
6
-9 - (1 - -2) - -13
1
What is the value of (-16 - -2) + (-15 - (0 + -3) - -9)?
-17
Calculate 33 - (8 + 16 + 26).
-17
What is the value of 20 + (4 - (3 + (-10 - -13)))?
18
Calculate -2 + (-3 - (0 - 2) - (-34 + 39)).
-8
What is the value of 13 + -6 - (11 + -18)?
14
Evaluate 1 - 15 - (-63 - (-66 + -14)).
-31
What is (100 - 108) + 1 + 0 + 1?
-6
2 + -9 - (-3 + -5)
1
Evaluate -19 + -10 + 20 + -5 + 1.
-13
-24 - (-2 + -4 + 9 + -13)
-14
Calculate -19 + -47 + (29 - -14).
-23
What is the value of -7 + (8 - 3) - (12 + -3) - 4?
-15
What is the value of 2 + 1 - (30 + (-66 - -35))?
4
What is (17 + -6 - 8) + -3 + -9 + 0?
-9
What is -3 + -9 + -2 + -4 + 17 + -15?
-16
What is -3 - (-5 + -1 + 5 + (-28 - -31))?
-5
What is the value of 306 + -333 + -3 + -3?
-33
Calculate 12 + (0 + -5 - (8 - 4)).
3
What is 1 + 8 - (10 + (-17 - -23) - 23)?
16
Calculate -5 + 11 - (9 + (-23 - 4)).
24
Evaluate -19 - -1 - (-61 + 33 - -44).
-34
What is the value of 10 + -10 + 16 - 12?
4
What is the value of 29 + -42 - (-6 + -2)?
-5
Calculate -1 + 3 + 11 + -23.
-10
What is the value of -3 + (0 - (2 - 35)) - 3?
27
Evaluate (-29 - (-9 - -7)) + 2 + 13.
-12
What is 4 + -7 - 3 - (4 - (-1 + 19))?
8
(9 - (30 - 48)) + -33
-6
What is (-2 - -1) + 3 - (-9 + -22 + 24)?
9
Evaluate (14 - -2) + ((-2 - -4) + -8 - 2).
8
Calculate 30 + -38 + 18 - -3.
13
What is 12 - (-3 - -8 - (6 + -12 + 7))?
8
What is (10 - (1 + 0)) + -3 + (4 - -1)?
11
(-127 - -119) + (-1 - 12)
-21
Evaluate 42 - (46 + -13 + -11).
20
Evaluate -11 - -3 - (1 - 3 - (-14 - -15)).
-5
Evaluate (-4 + -1 + -7 - -18) + -2.
4
Calculate -4 - (2 + -14 + 7 - -14).
-13
What is the value of 8 - (-4 - (13 - -3))?
28
-3 + -72 + 74 + -1 + 20
18
Calculate (-35 - -59 - 16) + -12.
-4
Calculate (-24 - -1) + (115 - 117).
-25
What is -47 + (-3 - (0 + 9 + -24))?
-35
What is 362 + -346 - (26 + 0)?
-10
What is the value of 17 - (-8 + -2 + 15)?
12
Calculate (5 - 5) + 0 + 1 + -5 + 18.
14
What is the value of -42 + -6 + 0 + 10 - -12?
-26
What is the value of 36 + (-12 - 4) - 10?
10
Evaluate -2 - 7 - (2 - 13).
2
What is -6 + (20 + (-6 - -3) - 7)?
4
Evaluate (7 - 0) + (-32 - -19).
-6
13 + (47 - 49) + (-3 - (2 - 6))
12
0 + -14 + 20 + (-2 - -1) + -9
-4
Calculate (5 - -1) + -11 + 0 + 10.
5
What is 8 + -10 + 7 - (-3 + 13)?
-5
30 + (8 - 36) + -1
1
Calculate 64 + (7 - 29) - 46.
-4
-5 + 37 - (24 - -6)
2
What is -6 - (-7 + (8 + -5 - (-1 - 0)))?
-3
Evaluate -18 - (-14 - (-2 + 2)).
-4
What is -1 + 8 + -11 - (1 - -1 - -4)?
-10
Calculate 22 + -11 - 17 - -14 - (24 - 2).
-14
What is the value of -27 - (-6 + -2 - 2)?
-17
0 - -37 - (18 + -1)
20
Evaluate -43 - (-49 + (-18 - 0)).
24
(5 - 1) + (-22 - (-9 + -4 + 8))
-13
Evaluate 22 - (37 - (3 - -6)).
-6
What is 5 - (-11 + 9 + 11)?
-4
(3 - (10 - -3)) + 13
3
What is the value of -5 + -12 + 37 + -9?
11
Calculate -9 + 1 + 1234 + -1248.
-22
What is -2 + -6 - (-4 + -3 + -3)?
2
Calculate 3 - 7 - (0 + -32 + -76 + 80).
24
-7 + 12 + 7 + -6 + 0
6
Evaluate 7 - ((13 - -22 - 3) + -4 + -2).
-19
Evaluate 14 - (-22 - -43) - (-2 + 6).
-11
What is the value of -5 + (-12 - -12) - 5 - 2?
-12
Calculate 0 + 8 + (-60 - -57) - -4.
9
What is (-106 + 130 - (13 - -1)) + -9 + 1?
2
